{"id":28,"date":"2026-01-03T16:49:19","date_gmt":"2026-01-03T13:49:19","guid":{"rendered":"http:\/\/216.250.13.165\/?page_id=28"},"modified":"2026-01-03T17:55:35","modified_gmt":"2026-01-03T14:55:35","slug":"cart","status":"publish","type":"page","link":"http:\/\/bezegussady.com.tm\/?page_id=28","title":{"rendered":"Cart"},"content":{"rendered":"\n<div data-block-name=\"woocommerce\/cart\" class=\"wp-block-woocommerce-cart alignwide is-loading\">\n<div data-block-name=\"woocommerce\/filled-cart-block\" class=\"wp-block-woocommerce-filled-cart-block\">\n<div data-block-name=\"woocommerce\/cart-items-block\" class=\"wp-block-woocommerce-cart-items-block\">\n<div data-block-name=\"woocommerce\/cart-line-items-block\" class=\"wp-block-woocommerce-cart-line-items-block\"><\/div>\n\n\n<\/div>\n\n\n\n\n<div data-block-name=\"woocommerce\/cart-totals-block\" class=\"wp-block-woocommerce-cart-totals-block\">\n<div data-block-name=\"woocommerce\/cart-order-summary-block\" class=\"wp-block-woocommerce-cart-order-summary-block\">\n<div data-block-name=\"woocommerce\/cart-order-summary-heading-block\" class=\"wp-block-woocommerce-cart-order-summary-heading-block\"><\/div><div data-block-name=\"woocommerce\/cart-order-summary-coupon-form-block\" class=\"wp-block-woocommerce-cart-order-summary-coupon-form-block\"><\/div><div data-block-name=\"woocommerce\/cart-order-summary-totals-block\" class=\"wp-block-woocommerce-cart-order-summary-totals-block\">\n<div data-block-name=\"woocommerce\/cart-order-summary-subtotal-block\" class=\"wp-block-woocommerce-cart-order-summary-subtotal-block\"><\/div>\n<div data-block-name=\"woocommerce\/cart-order-summary-discount-block\" class=\"wp-block-woocommerce-cart-order-summary-discount-block\"><\/div>\n<div data-block-name=\"woocommerce\/cart-order-summary-fee-block\" class=\"wp-block-woocommerce-cart-order-summary-fee-block\"><\/div>\n<div data-block-name=\"woocommerce\/cart-order-summary-shipping-block\" class=\"wp-block-woocommerce-cart-order-summary-shipping-block\"><\/div>\n<div data-block-name=\"woocommerce\/cart-order-summary-taxes-block\" class=\"wp-block-woocommerce-cart-order-summary-taxes-block\"><\/div><\/div>\n<\/div>\n\n\n\n<div data-block-name=\"woocommerce\/cart-express-payment-block\" class=\"wp-block-woocommerce-cart-express-payment-block\"><\/div>\n\n\n\n<div data-block-name=\"woocommerce\/proceed-to-checkout-block\" class=\"wp-block-woocommerce-proceed-to-checkout-block\"><\/div>\n\n\n\n<div data-block-name=\"woocommerce\/cart-accepted-payment-methods-block\" class=\"wp-block-woocommerce-cart-accepted-payment-methods-block\"><\/div>\n<\/div>\n<\/div>\n\n\n\n<div data-block-name=\"woocommerce\/empty-cart-block\" class=\"wp-block-woocommerce-empty-cart-block\">\n<h2 class=\"wp-block-heading has-text-align-center with-empty-cart-icon wc-block-cart__empty-cart__title\">Your cart is currently empty!<\/h2>\n\n\n\n<hr class=\"wp-block-separator has-alpha-channel-opacity is-style-dots\"\/>\n\n\n\n<h2 class=\"wp-block-heading has-text-align-center\">New in store<\/h2>\n\n\n<\/div>\n<\/div>\n","protected":false},"excerpt":{"rendered":"","protected":false},"author":1,"featured_media":0,"parent":0,"menu_order":0,"comment_status":"closed","ping_status":"closed","template":"","meta":{"footnotes":""},"class_list":["post-28","page","type-page","status-publish","hentry"],"blocksy_meta":[],"yoast_head":"<!-- This site is optimized with the Yoast SEO plugin v27.3 - https:\/\/yoast.com\/product\/yoast-seo-wordpress\/ -->\n<title>Cart - Bezeg Ussady<\/title>\n<meta name=\"robots\" content=\"index, follow, max-snippet:-1, max-image-preview:large, max-video-preview:-1\" \/>\n<link rel=\"canonical\" href=\"http:\/\/bezegussady.com.tm\/?page_id=28\" \/>\n<meta property=\"og:locale\" content=\"ru_RU\" \/>\n<meta property=\"og:type\" content=\"article\" \/>\n<meta property=\"og:title\" content=\"Cart - Bezeg Ussady\" \/>\n<meta property=\"og:url\" content=\"http:\/\/bezegussady.com.tm\/?page_id=28\" \/>\n<meta property=\"og:site_name\" content=\"Bezeg Ussady\" \/>\n<meta property=\"article:modified_time\" content=\"2026-01-03T14:55:35+00:00\" \/>\n<meta name=\"twitter:card\" content=\"summary_large_image\" \/>\n<script type=\"application\/ld+json\" class=\"yoast-schema-graph\">{\"@context\":\"https:\\\/\\\/schema.org\",\"@graph\":[{\"@type\":\"WebPage\",\"@id\":\"http:\\\/\\\/bezegussady.com.tm\\\/?page_id=28\",\"url\":\"http:\\\/\\\/bezegussady.com.tm\\\/?page_id=28\",\"name\":\"Cart - Bezeg Ussady\",\"isPartOf\":{\"@id\":\"http:\\\/\\\/bezegussady.com.tm\\\/#website\"},\"datePublished\":\"2026-01-03T13:49:19+00:00\",\"dateModified\":\"2026-01-03T14:55:35+00:00\",\"breadcrumb\":{\"@id\":\"http:\\\/\\\/bezegussady.com.tm\\\/?page_id=28#breadcrumb\"},\"inLanguage\":\"ru-RU\",\"potentialAction\":[{\"@type\":\"ReadAction\",\"target\":[\"http:\\\/\\\/bezegussady.com.tm\\\/?page_id=28\"]}]},{\"@type\":\"BreadcrumbList\",\"@id\":\"http:\\\/\\\/bezegussady.com.tm\\\/?page_id=28#breadcrumb\",\"itemListElement\":[{\"@type\":\"ListItem\",\"position\":1,\"name\":\"Home\",\"item\":\"http:\\\/\\\/bezegussady.com.tm\\\/\"},{\"@type\":\"ListItem\",\"position\":2,\"name\":\"Cart\"}]},{\"@type\":\"WebSite\",\"@id\":\"http:\\\/\\\/bezegussady.com.tm\\\/#website\",\"url\":\"http:\\\/\\\/bezegussady.com.tm\\\/\",\"name\":\"Bezeg Ussady\",\"description\":\"\u00d6\u00fdleri\u0148ize bezeg beri\u0148!\",\"publisher\":{\"@id\":\"http:\\\/\\\/bezegussady.com.tm\\\/#organization\"},\"potentialAction\":[{\"@type\":\"SearchAction\",\"target\":{\"@type\":\"EntryPoint\",\"urlTemplate\":\"http:\\\/\\\/bezegussady.com.tm\\\/?s={search_term_string}\"},\"query-input\":{\"@type\":\"PropertyValueSpecification\",\"valueRequired\":true,\"valueName\":\"search_term_string\"}}],\"inLanguage\":\"ru-RU\"},{\"@type\":\"Organization\",\"@id\":\"http:\\\/\\\/bezegussady.com.tm\\\/#organization\",\"name\":\"Bezeg Ussady\",\"url\":\"http:\\\/\\\/bezegussady.com.tm\\\/\",\"logo\":{\"@type\":\"ImageObject\",\"inLanguage\":\"ru-RU\",\"@id\":\"http:\\\/\\\/bezegussady.com.tm\\\/#\\\/schema\\\/logo\\\/image\\\/\",\"url\":\"\",\"contentUrl\":\"\",\"caption\":\"Bezeg Ussady\"},\"image\":{\"@id\":\"http:\\\/\\\/bezegussady.com.tm\\\/#\\\/schema\\\/logo\\\/image\\\/\"}}]}<\/script>\n<!-- \/ Yoast SEO plugin. -->","yoast_head_json":{"title":"Cart - Bezeg Ussady","robots":{"index":"index","follow":"follow","max-snippet":"max-snippet:-1","max-image-preview":"max-image-preview:large","max-video-preview":"max-video-preview:-1"},"canonical":"http:\/\/bezegussady.com.tm\/?page_id=28","og_locale":"ru_RU","og_type":"article","og_title":"Cart - Bezeg Ussady","og_url":"http:\/\/bezegussady.com.tm\/?page_id=28","og_site_name":"Bezeg Ussady","article_modified_time":"2026-01-03T14:55:35+00:00","twitter_card":"summary_large_image","schema":{"@context":"https:\/\/schema.org","@graph":[{"@type":"WebPage","@id":"http:\/\/bezegussady.com.tm\/?page_id=28","url":"http:\/\/bezegussady.com.tm\/?page_id=28","name":"Cart - Bezeg Ussady","isPartOf":{"@id":"http:\/\/bezegussady.com.tm\/#website"},"datePublished":"2026-01-03T13:49:19+00:00","dateModified":"2026-01-03T14:55:35+00:00","breadcrumb":{"@id":"http:\/\/bezegussady.com.tm\/?page_id=28#breadcrumb"},"inLanguage":"ru-RU","potentialAction":[{"@type":"ReadAction","target":["http:\/\/bezegussady.com.tm\/?page_id=28"]}]},{"@type":"BreadcrumbList","@id":"http:\/\/bezegussady.com.tm\/?page_id=28#breadcrumb","itemListElement":[{"@type":"ListItem","position":1,"name":"Home","item":"http:\/\/bezegussady.com.tm\/"},{"@type":"ListItem","position":2,"name":"Cart"}]},{"@type":"WebSite","@id":"http:\/\/bezegussady.com.tm\/#website","url":"http:\/\/bezegussady.com.tm\/","name":"Bezeg Ussady","description":"\u00d6\u00fdleri\u0148ize bezeg beri\u0148!","publisher":{"@id":"http:\/\/bezegussady.com.tm\/#organization"},"potentialAction":[{"@type":"SearchAction","target":{"@type":"EntryPoint","urlTemplate":"http:\/\/bezegussady.com.tm\/?s={search_term_string}"},"query-input":{"@type":"PropertyValueSpecification","valueRequired":true,"valueName":"search_term_string"}}],"inLanguage":"ru-RU"},{"@type":"Organization","@id":"http:\/\/bezegussady.com.tm\/#organization","name":"Bezeg Ussady","url":"http:\/\/bezegussady.com.tm\/","logo":{"@type":"ImageObject","inLanguage":"ru-RU","@id":"http:\/\/bezegussady.com.tm\/#\/schema\/logo\/image\/","url":"","contentUrl":"","caption":"Bezeg Ussady"},"image":{"@id":"http:\/\/bezegussady.com.tm\/#\/schema\/logo\/image\/"}}]}},"_links":{"self":[{"href":"http:\/\/bezegussady.com.tm\/index.php?rest_route=\/wp\/v2\/pages\/28","targetHints":{"allow":["GET"]}}],"collection":[{"href":"http:\/\/bezegussady.com.tm\/index.php?rest_route=\/wp\/v2\/pages"}],"about":[{"href":"http:\/\/bezegussady.com.tm\/index.php?rest_route=\/wp\/v2\/types\/page"}],"author":[{"embeddable":true,"href":"http:\/\/bezegussady.com.tm\/index.php?rest_route=\/wp\/v2\/users\/1"}],"replies":[{"embeddable":true,"href":"http:\/\/bezegussady.com.tm\/index.php?rest_route=%2Fwp%2Fv2%2Fcomments&post=28"}],"version-history":[{"count":1,"href":"http:\/\/bezegussady.com.tm\/index.php?rest_route=\/wp\/v2\/pages\/28\/revisions"}],"predecessor-version":[{"id":54,"href":"http:\/\/bezegussady.com.tm\/index.php?rest_route=\/wp\/v2\/pages\/28\/revisions\/54"}],"wp:attachment":[{"href":"http:\/\/bezegussady.com.tm\/index.php?rest_route=%2Fwp%2Fv2%2Fmedia&parent=28"}],"curies":[{"name":"wp","href":"https:\/\/api.w.org\/{rel}","templated":true}]}}